5 - (4 + 19) - (3 + -1 - 3).
3
Evaluate 1 - (3 - 11) - (7 + (4 - 8)).
6
What is the value of 3 + 5 + -17 + 14 - 5?
0
Evaluate -20 + (14 - (4 + -2)).
-8
Evaluate -31 + 38 + (-5 + 7 - 21).
-12
Evaluate -8 - (-7 + 33 - 5) - (-9 - 0).
-20
Evaluate 17 - 8 - 1 - -2.
10
What is -25 + -18 + (6 - -24)?
-13
What is the value of 22 + -14 + 11 + -2?
17
What is 11 + 0 + 5 + 0 - 3?
13
Evaluate -24 - -32 - (23 + 0 + 5 + -7).
-13
0 + 9 + -20 + 6 - 2
-7
What is -16 - -34 - (0 - -8)?
10
What is (1686 - 1665) + 0 + (-2 - 3) + -1?
15
Calculate 18 + 0 - (8 - (4 + 0)) - 4.
10
Calculate 22 + (-2 - (-20 - -32)).
8
Calculate -3 + -10 - -8 - -21.
16
What is the value of 15 + 0 - (87 + (73 - 117))?
-28
Evaluate 2 - (0 - (2 + -8)) - 7.
-11
Evaluate 72 + (26 + -41 - 22).
35
Evaluate -17 - (2 + 16 - 38).
3
What is (5 - (4 + 12)) + 8?
-3
16 - (17 + -4 - 10)
13
Calculate -3 + 5 + (-2 - 6) + 2.
-4
-1 - -2 - (16 + (-2 - 9))
-4
What is the value of 1 - 4 - (29 + -17 + -17)?
2
Calculate 19 - (4 + 1 + 1 - 5).
18
What is (13 - 17 - 21) + (2 - (-4 + 1))?
-20
What is the value of (-30 - -76) + (-15 - (-3 - -1))?
33
(-1092 - -1086) + -1 + 18
11
What is 23 - -3 - (-71 - -102)?
-5
Calculate 8 - ((-208 - -228) + (1 - -3)).
-16
What is the value of (4 - (4 + (7 - 7))) + 8?
8
-152 + 171 + (3 - 6)
16
What is 4 + (-2 + -1 - (16 + -9 + -15))?
9
Calculate -3 + 11 + -2 - (4 + (1 - -1)).
0
23 + (-9 + -22 - 3)
-11
-8 + 0 - (-31 - -42 - 13)
-6
Evaluate 4 + -2 + -11 - (5 + -13).
-1
What is 24 - (-7 - (-41 - -1))?
-9
Calculate -32 + 15 + (0 + -11 - -1) + 6.
-21
-7 + 1 + (3 - 8) + -3 + 4
-10
Calculate -32 - -9 - (24 - 26).
-21
Calculate 33 + 35 + -19 + -38.
11
Calculate (0 + -28 + 25 - (-1 - 3)) + 3.
4
Evaluate 11 - (-4 + (-22 - -64 - (-1 - -5))).
-23
Calculate -4 + 5 - (-5 + (3 - -4)).
-1
What is the value of -46 - (-14 + (8 - 17))?
-23
Evaluate (0 + -16 - (-23 + 14)) + 10 + -4.
-1
What is 4 + -13 + 20 - (7 - -1) - 9?
-6
Calculate 4 - (-2 - (0 + 1)) - (-10 + 31).
-14
Calculate (-36 - 7 - -18) + -1.
-26
(-85 - -78 - (-5 + -1)) + (5 - -15)
19
4 - (9 - (-1 + 0))
-6
(-66 - -33) + 56 - 42
-19
(-30 + 15 - -19) + -18
-14
Evaluate 0 + -19 - (-52 + -26 + 67).
-8
-2 + (0 - -4 - (32 + 6 + -30))
-6
37 - -1 - (90 - (2 + 78))
28
Calculate 3 - ((-30 - -2) + 17).
14
What is -6 + (7 - 1 - -8)?
8
Calculate -17 + 38 + -20 - (0 + 15).
-14
-4 + 3 + 2 + 69 + -58 + -5
7
What is the value of 0 + -10 - (-3 - -1 - 1)?
-7
1 + -12 + -26 - -31
-6
What is the value of (-7 - -11) + -10 + 5 + -17 + 0?
-18
-34 - (2 - 7 - 19)
-10
29 + -32 - (-3 + -15 + 1 - 2)
16
What is 5 + (-8 - -10) + -18 + 1?
-10
What is -16 + 34 + -18 - 7 - (1 - 14)?
6
Evaluate (-11 - ((8 - -2) + 0 + -6)) + 7.
-8
Evaluate 26 - ((5 - 1) + -4).
26
1 - ((18 - 2) + 0) - (-5 - 0)
-10
5 - (-3 + 2 + -1) - (18 + -14)
3
What is 15 + (-2 - 15 - 4)?
-6
14 - (-10 - (2 - (43 + -16)))
-1
What is the value of 25 + ((-1 - 0) + -11 - (151 + -155))?
17
Evaluate (-7 - -18) + -20 - -2.
-7
55 + -82 + (27 - 3)
-3
8 + -3 + (-1 - 0) - -18
22
What is the value of 18 + -25 + 13 - (1 - -13)?
-8
-5 - (3 + (9 + 1 + -15 - 9))
6
What is 90 + -97 + 17 + (1 - 2)?
9
What is the value of -4 + 18 + -25 + 22?
11
Evaluate ((-3 - 17) + 10 - -2) + 33.
25
Calculate -3 + -2 - (-10 + 1 - (50 - 60)).
-6
What is (-13 - -12) + -4 - -4?
-1
(22 - 0) + -130 + 119
11
What is (-2 - -1 - (4 + 7 - 10)) + -1?
-3
Evaluate 17 - (13 - -2 - -15).
-13
What is the value of 1 + -4 + (-1 + -10 - -12)?
-2
Evaluate -9 + 0 - ((-14 - -7) + 13 + -16).
1
What is the value of 31 + 4 + -63 - -19?
-9
What is -14 - -23 - 14 - (-23 - -8)?
10
What is 3 + 2 - ((21 - 22) + 0 + -9)?
15
-791 + 764 - (1 - -7)
-35
Calculate -15 + (2 - (-4 - -3) - 6) - -3.
-15
10 + (-3 - 51) + -70 + 86
-28
Evaluate (-16 + -1 + 15 - -9) + -2 + 0.
5
-8 - -7 - (-2 + -2 + 3) - 10
-10
What is (3 - 4) + 6 - (-18 + -3 + 0)?
26
What is 27 + 33 + -52 + (-1 - (-1 - -28))?
-20
Calculate 1 + (5 - 12 - -4 - -17).
15
What is the value of 16 + (-6 - 9) - (-26 - 0)?
27
Evaluate 1 + -23 - (-239 + 228).
-11
28 + (-23 - 9 - -33)
29
What is 10 - 7 - (1 + -2 - (9 + -12))?
1
-7 + 67 + -35 + -48
-23
What is the value of -10 + (1 + 43 - 24)?
10
Evaluate (-1 - 5 - (28 - 49)) + -6 + 0.
9
What is -3 + (-36 - (-32 + 20))?
-27
(13 + 2 - 3) + (-1 - -3)
14
What is the value of -18 - (-6 - -20) - -31?
-1
What is the value of 23 + (0 - 13) + 5 + (-8 - -17)?
24
What is the value of (51 - 8) + (-21 - 12)?
10
240 + -244 - (1 + -2 + 3)
-6
Calculate -7 + 2 + (-3 - -2).
-6
What is 10 + -18 + -3 + 5 + 10?
4
-16 - ((4 + 0 - 0) + (28 - 34))
-14
Calculate -6 - ((-19 - 37) + 32).
18
Evaluate 31 - 48 - (3 + -27).
7
What is (1 - (13 + 7 + -11)) + 12 + 9?
13
What is -47 - -29 - (-6 + 1)?
-13
What is -162 - -176 - (0 + 0)?
14
What is -5 + (4 - (11 - 8)) - 1?
-5
What is the value of (2 - (-3 + 2 + -1)) + (5 - -1)?
10
What is 0 + 10 - ((-7 - -15) + 4)?
-2
Calculate (2 + -1 - (8 + -10)) + (-47 - -27).
-17
(-52 - (33 + -76)) + -1 + -14
-24
-2 - 2 - -11 - 0 - (0 + 6)
1
Calculate -1 - -9 - (-29 - -39).
-2
Calculate 230 + -287 - (-23 + 4).
-38
Evaluate -29 - (-27 - (14 + -26)).
-14
Evaluate 0 + -7 + -10 + -1 + 13.
-5
-8 + 29 + 4 + (10 + -9 - 2)
24
What is 7 - ((6 - (6 + 12)) + -4 + 6)?
17
What is the value of 8 + -27 + 22 + (1 + 21 - -3)?
28
Calculate -2 - -14 - (-1 - (-21 + -1)).
-9
What is the value of -19 + 5 + 0 + -13 + (-11 - -13)?
-25
What is 6 + 1 + (1 - -5) + -11 + -3?
-1
(-19 - (8 + (5 - (4 + 11)))) + 5
-12
Calculate 6 + 2 + 3 - (-7 + 6 + 5).
7
What is the value of 0 - (-16 - (1 - -14 - 4))?
27
Evaluate 1 + (14 - 7) - (8 + -7 - -3).
4
Evaluate 0 - 1 - (256 + -257).
0
What is the value of 0 + 7 - (109 - 117 - (-1 - 5))?
9
Calculate (-123 - -150) + 1 + -28.
0
Calculate 3 + -2 + 2 + -8 + 3 + 12.
10
What is the value of (0 - -8 - 4) + 3 + -13 - 9?
-15
What is -11 - ((2 - 10) + 4 - -7)?
-14
What is -43 + (7 - (21 - 16) - -8)?
-33
Calculate (0 - -1 - ((3 - 26) + 19)) + -5.
0
What is the value of (-3 - -1 - 1) + -91 + 107?
13
What is the value of (6 - 0) + (-5 - (4 + -8))?
5
0 + 13 - (2857 + -2826)
-18
-8 - -34 - (-14 - -28)
12
What is 7 + -21 + 39 - 15?
10
5 - (-2 + -3 + 0) - (22 - 23)
11
4 - (-7 - (-31 - -13))
-7
What is the value of (-8 - 16) + 19 - -6?
1
What is 7 + -1 - (-19 + (-45 - -53))?
17
What is 58 + -47 + -5 + (-1 - -1) + 12?
18
Calculate -9 + (-5 - ((-4 - 8) + 19)).
-21
What is the value of 15 + (8 - 3) + (-11 - -5)?
14
(6 - 2) + (-3 + 7 - 1)
7
What is the value of 4 - -7 - (13 + 1)?
-3
Evaluate 0 - (-41 + 23) - 12.
6
Evaluate 7 + (-31 - (-17 - 1)).
-6
What is the value of -4 + (9 + 1 + -7 - -11)?
10
What is 2 - ((-16 - -18) + -6)?
6
Calculate (-1 - -25) + (34 - (114 - 65)).
9
Calculate -21 - -11 - (-7 - -1 - 16).
12
Evaluate (-15 - -5) + 3 + 10 - -7.
10
What is the value of 16 + -15 + -10 - (-4 - 0)?
-5
Evaluate -39 + 36 + (-1 + (3 - 3) - -1).
-3
What is the value of (0 - (8 + (-5 - -1) + 8)) + -8?
-20
Calculate (-21 - (-8 + -7)) + 16 + -17.
-7
Evaluate -6 + (1 + -4 - (-22 + 13)) + -20.
-20
Calculate 0 + -3 + -3 + (-6 - -2).
-10
Evaluate -15 - 5 - (-68 - -28).
20
What is -6 + (25 - (-1 - 1 - (-7 - -2)))?
16
Calculate 31 + 16 + -32 - 23.
-8
Calculate 1 - (2 + -12 - (4 + -9) - 6).
12
Calculate 65 + -4 + -37 - (1 - -5).
18
Calculate (8 - (7 - 6 - -3)) + 27.
31
1 + (1 - 2) - (-2340 + 2364)
-24
What is the value of (19 - 33) + -3 + 20?
3
Calculate 35 + 9 + -1 + -22.
21
What is -5 - (-4 + 3 - (-4 + -19)) - -6?
-21
What is -28 + 18 + (36 - -2)?
28
What is the value of -6 - (-36 + 40 + 1 + -3 + -10)?
2
Calculate -38 + 20 + (-6 - -1) + 10.
-13
What is 3 + -8 - 1 - (6 - 1)?
-11
-41 + 42 + -7 + -2
-8
What is (-14 - 9 - -19) + (17 - (-2 - -2))?
13
Calculate (1 - -14) + 24 + -12 + -21.
6
What is the value of (4 - -12 - 5) + 4?
15
Evaluate ((0 - -6) + -2 - (-11 + 15)) + 2.
2
-2 + (6 - 21 - -28)
11
Calculate 2 - (12 + -12) - (-31 - (-5 + 7)).
35
Evaluate 47 + -39 - (0 - 5).
13
-3 + (-10 + 13 - -6) + -16 - -5
-5
Calculate (-15 - (-58 - -17 - -16)) + 0 + -8.
2
What is 17 - (1 - (-18 - -12))?
10
Evaluate 47 + -38 + 1 + 5 + -7 + -5.
3
(2 - (6 + 20)) + 5
-19
Calculate 15 - (3 + 2) - (-47 + 78).
-21
What is -3 + (0 + 2 - (1 - (3 + -3)))?
-2
What is the value of -1 - 11 - (18 + -12 + -31)?
13
Calculate (49 - (32 - -11)) + 2 + 12 + -3.
17
What is the value of 17 + -21 - -8 - (-5 - -3)?
6
Calculate 45 + (10 + -10 